l(s) = -s**2 - s. Let j be (1 + -2 - -1)/2. Let k be l(j). Let b be (-3 - k)/(2/(-6)). Calculate the highest common divisor of b and 9.
9
Let m(v) = v**3 + 9*v**2 + 9*v + 8. Let s be m(-8). Suppose -4*u + s*u = -44. Let t be (33/(-6))/((-1)/8). What is the greatest common divisor of t and u?
11
Suppose -g = -5*g + 572. Calculate the highest common factor of g and 13.
13
Let o = -160 + 84. Let f = o + 148. Calculate the highest common factor of 48 and f.
24
Let x = 34 - 11. Calculate the highest common divisor of x and 23.
23
Let b(g) = -6*g + 4. Let z be b(-1). Suppose -2*c + 6*c = 8. Suppose -c*v + 3*v - 2 = 0. What is the highest common divisor of z and v?
2
Let l = 1 + 2. Let j = 152 - 143. What is the greatest common divisor of j and l?
3
Let w = -85 - -157. Suppose w = c + c. What is the highest common factor of 4 and c?
4
Let p = 44 - 9. Suppose 3*f - 8 - 13 = 0. What is the highest common factor of p and f?
7
Suppose 0 = -4*q - 20, 3*w - 79 = q + 4*q. What is the greatest common factor of w and 45?
9
Let n(c) = c**3 + 11*c**2 + 8*c - 17. Let v be n(-10). What is the highest common divisor of 2 and v?
1
Suppose -204 = -2*v + 86. Let f = v - 70. What is the highest common factor of f and 30?
15
Let m(w) = 2*w**2 + 6*w**3 - 5*w**2 - 2 - 2*w**3 + w. Let u be m(2). What is the highest common divisor of u and 140?
20
Suppose 0*b - 36 = -4*b. Suppose 6*d + 22 - 130 = 0. Calculate the highest common factor of d and b.
9
Let m = 11 - 4. Suppose 0 = -4*l + m*l - 48. What is the greatest common divisor of l and 48?
16
Let a = 378 - 198. Calculate the highest common divisor of 20 and a.
20
Suppose -5*f + 13 = 3. Suppose 2*b + 4*c = 108, f*b + b + 5*c = 166. Calculate the highest common divisor of 155 and b.
31
Let t(x) = 69*x + 2. Let h be t(2). Let w(b) = 2*b**2 - 2*b - 20. Let f be w(5). Calculate the highest common divisor of f and h.
20
Let g be (-46)/(-8) - (-1)/4. Calculate the highest common factor of 6 and g.
6
Let d(k) = 7*k + 5. Let s be d(5). Suppose -2*p + 20 = 2*p. What is the highest common divisor of s and p?
5
Suppose 2*s - 25 - 31 = 0. Suppose -n = n - s. Let f be 30/4 + 4/(-8). Calculate the highest common factor of f and n.
7
Suppose 1 = t - 11. Let h(z) = -z**3 + 11*z**2 + 14*z - 17. Let c be h(t). What is the greatest common divisor of c and 7?
7
Let c(i) = -8*i - 3. Suppose 5*o = -2 - 13. Let z be c(o). Calculate the greatest common factor of z and 7.
7
Let q(o) = o**2 + o - 1. Let d be q(2). Suppose 0 = 6*a - a - d, -h - 2*a = -6. Suppose -h*f + 251 + 85 = 0. Calculate the highest common factor of f and 12.
12
Suppose 2*h = 10 + 4. Let v(q) = q**2 - 8*q + 8. Let m be v(h). Let g be 1 + (-3)/(-3*m). Calculate the highest common factor of g and 8.
2
Let n be (-581)/(-63) - 6/27. What is the greatest common divisor of n and 9?
9
Let b(w) = -w + 7. Let u be b(5). Let x be 23 + (u/1)/1. What is the greatest common divisor of x and 5?
5
Suppose 0 = w + 4*y - 23, -20 = -w - 6*y + 3*y. Let q(l) = 2*l**2 - 15*l + 3. Let c be q(w). Calculate the greatest common divisor of 10 and c.
10
Let w(f) = 4*f. Let k(n) be the third derivative of -n**4/24 + 7*n**3/6 + n**2. Let h be k(5). Let r be w(h). What is the greatest common divisor of r and 8?
8
Suppose -3*t - 13 = -s, -3*s = -s - t - 11. Suppose -s*b + 5 = b. Suppose m + 16 = -3*j - j, -4*m - 2*j = -6. What is the greatest common factor of m and b?
1
Let p = -29 - -44. Suppose -116 - 24 = -5*n. Let z = n - p. Calculate the greatest common factor of 130 and z.
13
Let h be 3/(-4) + (-3)/12. Let v = 4 + h. Let r be 2 - 2 - v - -51. What is the greatest common divisor of r and 16?
16
Suppose 63 = 5*v + 13. Calculate the highest common factor of 50 and v.
10
Suppose 224 = 2*t - 0*f - 4*f, 5*t = -2*f + 536. What is the highest common divisor of 12 and t?
12
Suppose 5*i - 3*y + 7 - 37 = 0, 4*y = 4*i - 16. What is the highest common factor of 90 and i?
9
Let x = -30 + 36. Calculate the highest common divisor of 102 and x.
6
Let c be (-61)/(-4) + (-5)/20. What is the greatest common divisor of c and 15?
15
Let m = 104 - 50. Calculate the greatest common factor of 18 and m.
18
Suppose 2*i - 30 - 80 = 0. Let q be 1/3 + 168/9. Suppose -4*v + 25 = -q. Calculate the highest common factor of i and v.
11
Let a = 3 + -2. Let x be 81/18*(-2 + 8)/3. What is the greatest common divisor of x and a?
1
Let u = -315 + 676. Calculate the greatest common divisor of u and 19.
19
Suppose 2*r + 0 = 30. Let a be 3/r + 276/20. What is the greatest common factor of 28 and a?
14
Suppose 3*h = -0*h - 3. Let b = h - -29. What is the highest common divisor of 4 and b?
4
Suppose 6 = 5*k - 9. Let p(i) = 1 + 1 + i - k*i. Let v be p(-3). What is the highest common divisor of 8 and v?
8
Suppose -35*l = -40*l + 225. Let m(i) = -2*i + 1. Let c be m(-2). Calculate the greatest common divisor of l and c.
5
Suppose -y = 69 - 212. Let c(q) = -q**2 - 4*q - 1. Let k be c(-3). Let w be 1 + (2 - k) + 12. What is the greatest common factor of w and y?
13
Suppose -5*z + 3*n = 8*n - 245, -52 = -z - 4*n. Let u = z - 18. Suppose -3*j = -201 - 24. What is the highest common divisor of u and j?
15
Suppose 4*x - 416 = -9*x. Calculate the greatest common factor of x and 16.
16
Suppose -19*t + 372 = -293. Calculate the highest common factor of 14 and t.
7
Let h = 14 - 7. Let x(r) = -20*r - 4. Let c be x(-3). Calculate the greatest common divisor of h and c.
7
Suppose 5*t = -5*p + 15, 5*t - 3*p - 19 = t. Calculate the greatest common factor of 40 and t.
4
Let h be (-96)/15*-1*(10 - 0). Calculate the greatest common factor of 16 and h.
16
Let r = 4 - 1. Suppose 0 = -3*t + r*x - 4*x + 25, -5*x = t + 1. Calculate the highest common divisor of 27 and t.
9
Let p be (-51 + 16)*1*-1. Calculate the highest common factor of 5 and p.
5
Let j(t) be the second derivative of 3*t**3/2 + 3*t**2/2 + t. Let f be j(5). Calculate the highest common factor of f and 32.
16
Let b be (-245)/(-20) - 3/(-4). Suppose 47 = 5*n + k - 42, n - k = b. Calculate the greatest common factor of 51 and n.
17
Let u be 11 - ((-1)/(-1) + -3). Calculate the highest common factor of 39 and u.
13
Let x be 3*8/(-12) + 5 - -21. Calculate the highest common factor of x and 32.
8
Let n(g) = 3*g - 4. Let y be n(4). Suppose w + 9 = -2*w. Let b be (2/w)/(5/(-540)). Calculate the highest common divisor of b and y.
8
Let b(i) = i**3 + 55. Let g be b(0). Suppose -5*l + 10 = -g. Calculate the highest common factor of l and 26.
13
Let m be (1/(-2) - (-1)/(-2)) + 26. Calculate the highest common divisor of m and 5.
5
Let v(g) = -g**3 + 13*g**2 - 21*g - 4. Let k be v(11). What is the greatest common divisor of k and 21?
7
Let a = -22 - -38. What is the greatest common factor of 144 and a?
16
Suppose -3*i = -2*z + 3*z - 4, -i - 52 = -3*z. Suppose -2*c = -4*c - 10. Let d = 11 - c. Calculate the greatest common divisor of z and d.
16
Let l be -3 + 5/((-25)/(-340)). Calculate the highest common factor of 26 and l.
13
Let j(h) be the first derivative of -h**4/4 - 5*h**3/3 - 7*h**2/2 - 5*h + 5. Let y be j(-5). Let t = -13 + 25. Calculate the highest common factor of y and t.
6
Suppose 0 = -3*p + 406 - 46. Suppose -4*d = 2*k - 196, 0 = -d + 2*k + 63 - 19. Calculate the greatest common divisor of d and p.
24
Let x(o) = 3*o + 6. Let b be x(-4). Let c be (-1)/3 - 38/b. Calculate the greatest common factor of 30 and c.
6
Suppose 2*s = x - 52, -5 = -5*x + 5*s + 230. Calculate the greatest common factor of 6 and x.
6
Let z be (12/(-14))/((-5)/35). What is the greatest common factor of 4 and z?
2
Let r = -8 - -5. Let k = 6 - r. Let l(w) = w**2 - w + 1. Let g be l(2). What is the greatest common factor of g and k?
3
Let v(n) = -n**2 + 13*n - 2. Let k be v(9). Calculate the highest common divisor of 85 and k.
17
Let v = 5 + -1. Let l = 6 - 3. Let h(o) = -o**2 + 5*o - 2. Let f be h(l). Calculate the greatest common factor of f and v.
4
Let d = 31 - 29. Let o be 1/3 - (-38)/(-6). Let f be (-1)/(-2 - 11/o). What is the greatest common factor of f and d?
2
Suppose 5*m - 6 = y + 14, -m - y = -10. Suppose k = -5, -k + 200 = m*o + 4*k. Calculate the highest common factor of 5 and o.
5
Suppose 3 = l + 2. Let t be 67/l - (-4 + 1). Let h be ((-14)/(-5))/((-2)/(-20)). What is the highest common divisor of t and h?
14
Let m be